ctors of 106*5 - (w - -10)?
17, 31
Let y(j) = 18424*j - 97. What are the prime factors of y(3)?
5, 2207
Let i be (-5)/20 + 3/((-12)/2159). Let u be i/6 - -1 - (3 + 0). Let y = u - -146. List the prime factors of y.
2, 3
Let g be 2*((-330)/12)/(-5). Suppose h - 20 = 5*n, 0 = -h - 4*n - 27 + g. Suppose 3*u - 3*s = -7*s + 379, h = 4*u + 4*s - 500. List the prime factors of u.
11
List the prime factors of 2*(-2)/(-28) - (-25110800)/4550.
5519
Let a(g) = 2*g**3 - 10*g**2 - 13*g + 9. Let j be a(6). Let t(f) = -j + 11*f - 22 - 12. What are the prime factors of t(16)?
139
Let l(r) = -11*r - 4. Let z be l(-1). Let d = -5 + z. Suppose -d*k - 2*u + 120 = -46, -4*u = k - 98. List the prime factors of k.
2, 3, 13
Suppose 0 = -1653*r + 1645*r + 75928. List the prime factors of r.
9491
Let p = 331 + -220. Suppose 113*c - 10 = p*c. Suppose c*v - 360 = 2*n, -5*n = -v + 6*v - 395. List the prime factors of v.
2, 37
Suppose 0 = -355*v + 532*v - 4935468. What are the prime factors of v?
2, 6971
What are the prime factors of ((-2230)/(-150) - 13) + -2 - (-268367)/15?
17891
Let t = -214 + 206. Let j(n) = -68*n - 67. List the prime factors of j(t).
3, 53
Suppose -3*u = -3*m + 84, -3*m + 2*m = u + 20. Let h be (90/(-20))/((-1)/u) - 4. Let d = h - -187. What are the prime factors of d?
3, 5
Suppose -2*l - 2 = -0*l. Let x(h) = 151*h**2 + 2*h + 1. Let j be x(l). Suppose -2*r + 3*t = 3*r - j, -4*t = 2*r - 34. What are the prime factors of r?
3
Let y be 18208/96*(-3 - 0). Let d = -338 - y. What are the prime factors of (4 - (-3 + 5)) + (d - -2)?
5, 47
Suppose -1339 = -21*z + 8*z. Suppose 0 = -5*c + 3*c + 22. Let u = z - c. List the prime factors of u.
2, 23
What are the prime factors of 6426720/280 + 15/35?
3, 7, 1093
Let d(s) = -13331 + 10*s + 13289 + 0*s. What are the prime factors of d(38)?
2, 13
List the prime factors of (-2 - -1)/((-449)/26673294).
2, 3, 9901
Suppose -4*j + 876 = a, 123 = j - 2*a - 87. Let o = 345 - j. What are the prime factors of o?
127
Suppose 5*z - 72221 = -5*d + 8*d, d - 57787 = -4*z. What are the prime factors of z?
2, 31, 233
Let z be 607/(-4*4/(-16)). Suppose -z = -11*h + 3518. What are the prime factors of h?
3, 5
Let t(w) be the first derivative of -4*w**2 - 55*w + 50. What are the prime factors of t(-31)?
193
Suppose 7*w - 498 = -190. Let n be 3/(-2 + w/16). Suppose 3*r - 4*i - 10 = -3, 31 = n*r - i. List the prime factors of r.
3
Let z(f) = -f**3 - 4*f**2 + 5*f + 5. Let b be z(-5). Suppose -x + 1350 = 3*n + 2*n, -b*n = -5*x - 1380. List the prime factors of n.
271
Let d(i) = -14*i + 20449. List the prime factors of d(0).
11, 13
Let w(i) = i**2 - 9*i - 7. Let x be w(-12). Suppose -9*s + x = -2833. What are the prime factors of s?
2, 3, 19
What are the prime factors of 5045/10*-11*(-2)/11?
1009
Let i = -3663 + 5772. List the prime factors of i.
3, 19, 37
Let q = 74 - 76. Let j be 2 + 1678 - (q - -2). Suppose -13*d + j = -231. List the prime factors of d.
3, 7
Let o be 22/(-16) + 1 - 44167/(-232). Suppose 0 = 8*w - 6*w + 2*p - 380, -w - 2*p + o = 0. What are the prime factors of w?
2, 5, 19
Let d(p) = 48*p**2 + 3*p + 18. Let o(c) = -3*c - 155. Let r be o(-53). What are the prime factors of d(r)?
2, 3, 7, 19
Let r = -19260 - -28767. List the prime factors of r.
3, 3169
Let q = -136 - -149. Let w(n) = -2*n**3 + 27*n**2 - 9*n + 2. What are the prime factors of w(q)?
2, 3
Suppose -33*h - 5041 = 5057. Let f = -22 - h. List the prime factors of f.
2, 71
What are the prime factors of 4010980/210 + (-4)/(-42)?
2, 5, 191
Let m(t) be the third derivative of -t**6/120 + t**5/20 + 5*t**4/4 - 2*t**3/3 + t**2. List the prime factors of m(-7).
2, 3, 23
Suppose 15*r - 20*r + 2*d + 262076 = 0, 2*r + d = 104816. What are the prime factors of r?
2, 13103
Suppose -13861597 = -169*d - 31*d - 41*d. List the prime factors of d.
113, 509
Let y = -4 + 6. Let k be (-3)/(-2) - (-361)/y. Let x = -74 + k. What are the prime factors of x?
2, 3
Suppose -39*o + 988458 + 137552 = -316015. List the prime factors of o.
3, 5, 17, 29
Suppose 29*p - 27*p = 1620. List the prime factors of ((-100)/(-6))/(-9*(-5)/p).
2, 3, 5
Let s(w) = w**3 - 36*w**2 - 40*w + 113. Let x be s(37). Suppose -3*q = 4*m - 692, x*m - 4*q - 346 = -3*q. What are the prime factors of m?
173
Let k = -151659 - -216714. List the prime factors of k.
3, 5, 4337
Let q(t) = 10*t**2 + 5*t + 5. Suppose 17 = -7*k - 4. Let n be q(k). List the prime factors of ((-18)/12)/((-12)/n).
2, 5
Let m = -154 + -558. List the prime factors of (5 + 115/(-20))*m.
2, 3, 89
Suppose 0 = -2*z + 5*f - 917, 12*z - 17*z - 2281 = -f. Let y = 634 + z. What are the prime factors of y?
2, 89
Let g(q) = -3*q + 3. Let z be g(-3). Suppose z*t - 10 = 14. Suppose -3*m + 2*m + 5*c = -26, t*m - 2*c = 68. What are the prime factors of m?
2, 3
List the prime factors of (-973581)/(-21) - 0 - -7.
2, 3, 7, 23
Let m be 83 + (8/(-44) - (-93)/(-33)). Suppose 2*v + 5*q = -3*v + 205, -2*v = 3*q - m. Suppose -41*x + v*x - 16 = 0. List the prime factors of x.
2
Suppose 9 = 2*s - v, 3*v - 6*v - 11 = 2*s. Suppose -525 = -b + o + 3*o, -4*o + 1050 = s*b. List the prime factors of b.
3, 5, 7
Let t = 1484 + 481. List the prime factors of t.
3, 5, 131
What are the prime factors of (-14 + 8)*(-3 - -6)/6 + 66270?
3, 37, 199
Suppose 3*g - 3*y - 17 + 11 = 0, 0 = g + 2*y - 5. Suppose g*u = 8*u, 2*m - u = 2172. What are the prime factors of m?
2, 3, 181
Suppose 4*c + 3*z = 5, -c - 3*z + 4 = 4*c. List the prime factors of 257 + (3/(-2))/(c/2).
2, 5, 13
Let c(p) = -p**3 + 5*p**2 + 214. Let q be c(0). Suppose -466 = -17*g + q. What are the prime factors of g?
2, 5
What are the prime factors of (9254/(-1))/((-18)/36)?
2, 7, 661
Let a = -1392 - -3327. Suppose -2*t - 4*x + 1290 = 0, x + 0*x - a = -3*t. List the prime factors of t.
3, 5, 43
Suppose 102*u = -187*u + 7364587. List the prime factors of u.
17, 1499
Suppose 5*z + 504 = -4*y, 0 = -7*z + 3*z. Let h = y + 111. What are the prime factors of -67*(-5)/h*(-3)/1?
67
Let t = -74278 + 134786. List the prime factors of t.
2, 7, 2161
List the prime factors of 4*(-4)/(-8) + 5572 + -4.
2, 5, 557
Let u = 10754 - 5783. List the prime factors of u.
3, 1657
Let y be (-2)/6 - 5*(-2024)/(-330). Let r(i) = -i**3 + 3*i**2 + 7*i + 2. Let g be r(-5). Let l = y + g. List the prime factors of l.
2, 17
Let t(d) be the third derivative of 20*d**2 + 1/24*d**4 + 1/2*d**3 - 1/30*d**5 + 0 + 1/12*d**6 + 0*d. What are the prime factors of t(2)?
7, 11
What are the prime factors of -5 + -1 + 122872*9/72?
13, 1181
Let a = -18820 - -33730. What are the prime factors of a?
2, 3, 5, 7, 71
Suppose 7 = -5*p + 2, 0 = 3*r - 2*p + 1522. Let m = 854 + r. Let z = m + -140. What are the prime factors of z?
2, 103
Suppose o - 318 = -4*t, 7*t - 390 = 2*t - 5*o. Let m = 161 - t. List the prime factors of m.
3
Let h be -42*72/(-96)*(-2)/(-3). List the prime factors of (-3)/h + (-4278)/(-7).
13, 47
Let u = 700 + -242. Let o = u + -320. List the prime factors of o.
2, 3, 23
List the prime factors of (183*(-10)/15)/((-3)/(-6 + 600)).
2, 3, 11, 61
Let a(q) = -71*q**3 + q + 2. Let w(t) = 355*t**3 - 6*t - 10. Let x(k) = 11*a(k) + 2*w(k). Let p be x(1). Let i = 204 + p. What are the prime factors of i?
2, 67
List the prime factors of (-22)/(704/(-2529352)) + (-3)/(-12)*3.
79043
Suppose 5 = 5*b, 3*f = -10*b + 77991 + 47983. List the prime factors of f.
2, 3, 3499
Let p(k) = 4*k + 4. Let n(g) = -8*g - 7. Let a(v) = 3*n(v) + 7*p(v). Let d be a(8). Let m = 5 + d. What are the prime factors of m?
2, 11
Suppose -2*m + 117054 = 5*s, 5*m - s - 127644 = 164937. What are the prime factors of m?
163, 359
Let j(c) = -19*c - 33. Let g(v) = 2*v - 25. Let x be g(21). Let w be j(x). What are the prime factors of (w/(-8))/(3/6)?
89
Let o = -42 + 50. Let s(p) = -52*p + 14. Let b be s(o). List the prime factors of 4/6*b/(-4).
67
Let i be -6*(0 + 2) - -5. What are the prime factors of (-724*1)/(i + 9 - 4)?
2, 181
Let i = 38 - 19. Suppose -i = 3*b - 7. What are the prime factors of 4/(-1) - (b + -2)?
2
Let s = -22 + 13. Let l be s/((-18)/16) - 2. Suppose 0 = 5*y - c - 60, 3*y - l*y + 3*c = -36. What are the prime factors of y?
2, 3
Suppose 9*m - 253 = 35. What are the prime factors of 0 - ((-3)/(-24) + (-17380)/m)?
3, 181
Suppose 128881 = 3*o + 5*b, b = -29*o + 31*o - 85899. What are the pri